divisor of 107318 and 46?
46
Calculate the highest common factor of 4381801 and 51.
17
Calculate the greatest common divisor of 951745 and 85.
85
Calculate the greatest common factor of 90857 and 754.
377
What is the highest common divisor of 27247 and 99?
11
Calculate the greatest common factor of 13076564 and 1112.
556
Calculate the highest common divisor of 27151 and 19.
19
What is the greatest common factor of 951680 and 4480?
640
What is the highest common factor of 327 and 90361?
109
Calculate the greatest common divisor of 109109 and 327.
109
Calculate the greatest common divisor of 2316 and 3281.
193
Calculate the greatest common divisor of 10128 and 192.
48
Calculate the highest common divisor of 414327 and 2481.
2481
What is the greatest common divisor of 611 and 11327?
47
Calculate the greatest common divisor of 24 and 3308.
4
What is the highest common divisor of 756 and 384426?
378
Calculate the greatest common divisor of 88 and 9669484.
44
What is the greatest common divisor of 8699735 and 367?
367
What is the highest common factor of 41 and 892693?
41
Calculate the greatest common factor of 21120 and 2145.
165
What is the highest common divisor of 50401 and 3419?
13
Calculate the greatest common factor of 76 and 4426088.
76
Calculate the greatest common divisor of 80 and 151740.
20
Calculate the greatest common factor of 11030 and 20.
10
What is the greatest common factor of 77 and 22253?
77
What is the greatest common factor of 9438430 and 10?
10
Calculate the highest common divisor of 117 and 237939.
39
What is the highest common divisor of 2044480 and 320?
320
Calculate the highest common divisor of 17332 and 31304.
28
Calculate the greatest common divisor of 3082 and 15142.
134
Calculate the greatest common factor of 36 and 4015611.
9
What is the highest common divisor of 7968 and 22161?
249
Calculate the greatest common divisor of 67 and 192424.
67
What is the highest common divisor of 21984 and 96?
96
What is the highest common factor of 1001715 and 1430?
715
Calculate the greatest common factor of 24885 and 135.
45
Calculate the greatest common divisor of 444 and 529692.
444
Calculate the greatest common divisor of 10745 and 8289.
307
Calculate the highest common divisor of 18 and 3205242.
18
What is the highest common factor of 1052996 and 7?
7
What is the highest common factor of 440 and 2247080?
440
Calculate the highest common factor of 5983628 and 812.
812
Calculate the highest common divisor of 335 and 867985.
335
What is the highest common divisor of 768 and 751776?
96
Calculate the highest common factor of 17818 and 767.
59
Calculate the greatest common divisor of 36 and 224376.
12
Calculate the greatest common factor of 102 and 48807.
51
What is the greatest common divisor of 26230 and 100?
10
What is the greatest common factor of 338573 and 1?
1
Calculate the highest common factor of 72 and 305622.
18
What is the greatest common divisor of 46937 and 1004?
251
Calculate the greatest common factor of 171 and 21582.
9
What is the greatest common factor of 311430 and 6?
6
Calculate the highest common divisor of 13 and 1995617.
13
Calculate the highest common factor of 545631 and 403.
31
Calculate the greatest common divisor of 32396 and 403.
13
What is the greatest common divisor of 13616 and 82880?
592
What is the greatest common divisor of 6051 and 5399509?
2017
Calculate the greatest common factor of 306768 and 96.
48
Calculate the greatest common divisor of 14 and 30002.
14
What is the greatest common divisor of 7130 and 1058?
46
Calculate the highest common divisor of 216 and 195669.
27
Calculate the highest common divisor of 758 and 10427806.
758
What is the greatest common divisor of 1353342 and 1770?
354
Calculate the highest common factor of 24924 and 20301.
201
Calculate the highest common factor of 90450 and 22445.
335
Calculate the highest common divisor of 114 and 7386.
6
What is the highest common divisor of 880 and 30560?
80
What is the greatest common factor of 1424706 and 15150?
606
Calculate the greatest common divisor of 512 and 3160576.
512
What is the greatest common divisor of 2980 and 6?
2
What is the highest common divisor of 896 and 172592?
112
What is the highest common divisor of 135250 and 625?
125
What is the greatest common factor of 3434193 and 453?
453
What is the highest common factor of 142 and 1234?
2
Calculate the greatest common factor of 105154 and 1961.
37
What is the greatest common factor of 165256 and 442?
26
What is the greatest common divisor of 7999 and 304?
19
What is the highest common factor of 27534 and 78?
78
Calculate the highest common divisor of 6 and 2625774.
6
Calculate the highest common factor of 14135 and 4345.
55
What is the highest common factor of 3260 and 1620?
20
Calculate the highest common divisor of 1296 and 8736.
48
What is the greatest common factor of 992617 and 10146?
1691
What is the greatest common factor of 193 and 101904?
193
Calculate the greatest common divisor of 51 and 300917.
17
What is the greatest common divisor of 42 and 20820?
6
Calculate the highest common divisor of 3332 and 36.
4
Calculate the greatest common factor of 28 and 19714.
2
What is the highest common factor of 2286 and 78?
6
Calculate the greatest common divisor of 15407 and 126294.
217
Calculate the greatest common factor of 564047 and 22.
11
What is the highest common factor of 1116613 and 227?
227
What is the highest common divisor of 1059 and 14473?
353
What is the greatest common divisor of 1524 and 1668?
12
What is the greatest common factor of 99060 and 220?
20
What is the greatest common divisor of 173030 and 147290?
1430
Calculate the greatest common divisor of 30 and 36130.
10
What is the greatest common divisor of 5124 and 24400?
244
What is the highest common factor of 185 and 20393845?
185
Calculate the highest common divisor of 165825 and 27.
9
Calculate the greatest common factor of 1179503 and 91.
13
Calculate the highest common factor of 218 and 64528.
218
Calculate the greatest common divisor of 16 and 8312.
8
What is the greatest common factor of 272 and 151096?
136
What is the greatest common factor of 2365 and 466120?
215
Calculate the highest common factor of 54912 and 1152.
384
What is the greatest common divisor of 2348 and 109769?
587
What is the highest common factor of 165 and 293645?
55
What is the greatest common divisor of 870 and 660?
30
Calculate the highest common divisor of 5850 and 1885.
65
What is the greatest common divisor of 1026963 and 315?
63
Calculate the highest common divisor of 24 and 92960.
8
What is the greatest common divisor of 252 and 4788?
252
What is the greatest common divisor of 10293 and 37083?
141
What is the greatest common factor of 1820 and 519337?
91
What is the greatest common divisor of 534 and 37024?
178
What is the highest common divisor of 5225 and 2717?
209
What is the highest common factor of 32760 and 280?
280
Calculate the highest common factor of 40 and 2835.
5
What is the greatest common factor of 1225607 and 59?
59
What is the highest common factor of 1469184 and 84?
12
Calculate the highest common factor of 852 and 17712.
12
Calculate the highest common factor of 124 and 5067508.
124
Calculate the greatest common factor of 1122 and 4250.
34
What is the greatest common divisor of 108738 and 210?
42
What is the greatest common factor of 220 and 5555?
55
What is the highest common factor of 337798 and 4?
2
Calculate the highest common factor of 185731 and 4225.
169
What is the highest common divisor of 748 and 26452?
68
What is the greatest common factor of 29 and 1755109?
29
What is the highest common divisor of 1012 and 27577?
253
What is the greatest common factor of 14 and 1021118?
14
What is the greatest common factor of 13741 and 364?
91
What is the highest common factor of 904 and 1821786?
226
What is the greatest common divisor of 3125718 and 36?
18
Calculate the greatest common factor of 996 and 365532.
996
What is the highest common factor of 84 and 738444?
84
Calculate the highest common divisor of 6519 and 14151.
159
What is the highest common divisor of 240800 and 175?
175
Calculate the highest common divisor of 39338 and 534.
178
Calculate the highest common divisor of 23 and 9540768